{"id":597,"date":"2022-05-27T08:00:16","date_gmt":"2022-05-27T06:00:16","guid":{"rendered":"https:\/\/kurssite.goteborgnu.se\/hanaholmen\/?page_id=597"},"modified":"2022-05-27T09:31:51","modified_gmt":"2022-05-27T07:31:51","slug":"litteratur","status":"publish","type":"page","link":"https:\/\/kurssite.goteborgnu.se\/hanaholmen\/litteratur\/","title":{"rendered":"Litteratur"},"content":{"rendered":"\n<p><strong>Vetenskap som tema<\/strong><\/p>\n\n\n\n<p>Linsen, J., &amp; T\u00f6rnroos-Remes, A. (2020). <a href=\"https:\/\/research.abo.fi\/ws\/portalfiles\/portal\/27281390\/ikaros_2_20_Ma_nniskans_fo_rha_llande_till_naturen_och_behovet_av_en_tva_rvetenskaplig_ansatspdf.pdf\">M\u00e4nniskans f\u00f6rh\u00e5llande till naturen och behovet av en naturvetenskaplig ansats<\/a>. <em>Ikaros \u2013 tidskrift om m\u00e4nniskan och vetenskapen<\/em>, (2), 11-15.<\/p>\n\n\n\n<p>Pihlajam\u00e4ki, M., Sarkki, S., &amp; Haapasaari, P. (2018). <a href=\"https:\/\/www.sciencedirect.com\/science\/article\/pii\/S0308597X17306528\">Food security and safety in fisheries governance \u2013 A case study on Baltic herring<\/a>. <em>Marine Policy<\/em>, 97, 211\u2013219.<\/p>\n\n\n\n<p>Jetoo, S., Tynkkynen, N., Joas, M., Hellstr\u00f6m, M., Sj\u00f6qvist, C., &amp; T\u00f6rnroos, A. (2022). <a href=\"https:\/\/www.tandfonline.com\/doi\/full\/10.1080\/01629778.2021.1989472\">Climate change and the governance of the Baltic Sea environment<\/a>. <em>Journal of Baltic Studies<\/em>, 53(1), 65\u201384.<\/p>\n\n\n\n<p><strong>Vetenskapsjournalistik<\/strong><\/p>\n\n\n\n<p>J\u00f6nsson, A. M. &amp; Karlsson, M. (2016). <a href=\"https:\/\/sciendo.com\/article\/10.1515\/nor-2016-0022\">Cooperation, media and framing processes: Insights from a Baltic Sea case study<\/a>. <em>Nordicom Review<\/em>, 37(1), 41\u201355.<\/p>\n\n\n\n<p>Kolandai-Matchett, K., Armoudian, M., Thrush, S., Hillman, J., Schwendenmann, L.,  Jakobsson, J., Haggitt, T., O&#8217;Hara Blain, C., &amp; Lear, G. (2021). <a href=\"https:\/\/onlinelibrary-wiley-com.ezproxy.ub.gu.se\/doi\/full\/10.1002\/aqc.3708\">Marine ecosystem science and the media: Exploring ways to improve news coverage through journalist\u2013scientist working relations<\/a>. <em>Aquatic Conservation<\/em>, 31(11), 3034\u20133055.<\/p>\n\n\n\n<p>Rosen, C., Guenther, L., &amp; Froehlich, K. (2016). <a href=\"https:\/\/journals.sagepub.com\/doi\/full\/10.1177\/1075547016645585?casa_token=LfR1KB4W0v0AAAAA%3AHys7YDDh8gUKYtuIT8BS0tbYX-KLp8b7czNWxrpA1amoFhr5wgRnd_XO_k2KjjwDReBuAeY0B3cOQg\">The question of newsworthiness: A cross-comparison among science journalists\u2019 selection criteria in Argentina, France, and Germany<\/a>. <em>Science Communication<\/em>, 38(3), 328\u2013355.<\/p>\n\n\n\n<p>Smith, H., Menezes, S., &amp; Gilbert, C.&nbsp;(2018).&nbsp;<a href=\"https:\/\/www-tandfonline-com.ezproxy.ub.gu.se\/doi\/full\/10.1080\/1533015X.2017.1388197?tab=permissions&amp;scroll=top\">Science training and environmental journalism today: Effects of science journalism training for midcareer professionals<\/a>.&nbsp;<em>Applied Environmental Education &amp; Communication<\/em>,&nbsp;17(2),&nbsp;161\u2013173.<\/p>\n","protected":false},"excerpt":{"rendered":"<p>Vetenskap som tema Linsen, J., &amp; T\u00f6rnroos-Remes, A. (2020). M\u00e4nniskans f\u00f6rh\u00e5llande till naturen och behovet av en naturvetenskaplig ansats. Ikaros \u2013 tidskrift om m\u00e4nniskan och vetenskapen, (2), 11-15. Pihlajam\u00e4ki, M., Sarkki, S., &amp; Haapasaari, P. (2018). Food security and safety in fisheries governance \u2013 A case study on Baltic herring. Marine Policy, 97, 211\u2013219. Jetoo, &#8230; <a title=\"Litteratur\" class=\"read-more\" href=\"https:\/\/kurssite.goteborgnu.se\/hanaholmen\/litteratur\/\" aria-label=\"L\u00e4s mer om Litteratur\">L\u00e4s mer<\/a><\/p>\n","protected":false},"author":5,"featured_media":0,"parent":0,"menu_order":0,"comment_status":"closed","ping_status":"closed","template":"","meta":{"footnotes":""},"class_list":["post-597","page","type-page","status-publish"],"_links":{"self":[{"href":"https:\/\/kurssite.goteborgnu.se\/hanaholmen\/wp-json\/wp\/v2\/pages\/597","targetHints":{"allow":["GET"]}}],"collection":[{"href":"https:\/\/kurssite.goteborgnu.se\/hanaholmen\/wp-json\/wp\/v2\/pages"}],"about":[{"href":"https:\/\/kurssite.goteborgnu.se\/hanaholmen\/wp-json\/wp\/v2\/types\/page"}],"author":[{"embeddable":true,"href":"https:\/\/kurssite.goteborgnu.se\/hanaholmen\/wp-json\/wp\/v2\/users\/5"}],"replies":[{"embeddable":true,"href":"https:\/\/kurssite.goteborgnu.se\/hanaholmen\/wp-json\/wp\/v2\/comments?post=597"}],"version-history":[{"count":8,"href":"https:\/\/kurssite.goteborgnu.se\/hanaholmen\/wp-json\/wp\/v2\/pages\/597\/revisions"}],"predecessor-version":[{"id":644,"href":"https:\/\/kurssite.goteborgnu.se\/hanaholmen\/wp-json\/wp\/v2\/pages\/597\/revisions\/644"}],"wp:attachment":[{"href":"https:\/\/kurssite.goteborgnu.se\/hanaholmen\/wp-json\/wp\/v2\/media?parent=597"}],"curies":[{"name":"wp","href":"https:\/\/api.w.org\/{rel}","templated":true}]}}